 - (-9)/l).
12
Let m = 15 + -40. Let r = 31 - m. Calculate the remainder when 221 is divided by r.
53
Suppose -4*f = -0*f - 16. Suppose 0 = 5*i - 20, -f*i = -0*k + 2*k - 40. Let y = 47 + -1. What is the remainder when y is divided by k?
10
Let q(o) = o**2 - 2*o - 27. Let v be q(-11). Let z = v - 105. Calculate the remainder when 23 is divided by z.
1
Suppose -3*g - y = -2 - 0, -4*y = g + 14. Suppose 36 = g*b + 2*b. What is the remainder when b is divided by 4?
1
Let p be (2 - 3)/((-3)/6). Let u be ((-80)/30)/(p/(-3)). What is the remainder when -3*(328/(-6))/u is divided by 14?
13
Suppose 0 = 11*l - 6*l + 5*f - 865, 2*l + 4*f = 352. Suppose -l = -4*r - 6*r. Calculate the remainder when 116 is divided by r.
14
Let v be (0/7)/((-4)/2). Suppose l - 58 + 17 = v. Suppose -5*n - 5*g = -50, 4*n + 5*g = 2*g + l. Calculate the remainder when 31 is divided by n.
9
Suppose -638 = -2*d - 20*d. Let u(i) = -229*i + 2. Calculate the remainder when u(-1) is divided by d.
28
Let v = 64 - 64. Suppose v = -7*q + 297 - 80. What is the remainder when q is divided by 11?
9
What is the remainder when 83 is divided by (32/10)/(45/450)?
19
Suppose 3*o - p = 99 + 164, -3*o + 251 = -4*p. What is the remainder when o is divided by 288/(-8)*(-9)/12?
8
Suppose 17*v + 268 - 1186 = 0. What is the remainder when 429 is divided by v?
51
Let k(x) = x**3 - 4*x**2 - 7*x + 2. Let j(c) = 9*c - 4 - c**2 - 3 + c + c**3 - 6*c**2. Calculate the remainder when k(6) is divided by j(6).
15
Let v(g) = -g**3 - 22*g**2 + 15*g + 2. Let i be v(-23). Suppose 16*t = 13*t + i. Let u(j) = -5*j - 4. What is the remainder when t is divided by u(-4)?
14
Let l = 119 - 82. Let n = 3 - -17. What is the remainder when l is divided by n?
17
Suppose 16*t = 48*t - 6080. What is the remainder when t is divided by 50?
40
Suppose 140 = 2*f - i - i, 0 = -5*f - 2*i + 385. Suppose -114 = 72*v - f*v. What is the remainder when v is divided by 4?
2
Suppose -2 = -3*y - 5. Let d be 1*y - (33 - 1). Calculate the remainder when 25 is divided by 39/2*(-22)/d.
12
Let q(k) = -2*k**3 + 65*k**2 - 31*k + 17. What is the remainder when 81 is divided by q(32)?
32
Suppose -43 = 3*g + u, -5*u = 14 + 6. Let q(m) = -m**3 - 11*m**2 + 10*m + 6. What is the remainder when q(g) is divided by 54?
52
Let w(a) = 23*a - 49. Calculate the remainder when w(7) is divided by 7.
0
Let s = 122 - 43. Calculate the remainder when s is divided by 8.
7
Let j = -2 - -5. Suppose -2*c - j = c, 5*c = -3*i + 43. Calculate the remainder when (-4 + 1 - 1)*(-115)/10 is divided by i.
14
Let j be (-1)/(1/(-77)) - (1 + -5). Suppose 5*a + j = 8*a. Calculate the remainder when a is divided by 15.
12
Let b = -56 - -90. Suppose 0 = -2*k + w + 20, 3*k = 3*w + b - 7. What is the remainder when k is divided by 4?
3
Suppose 5*j + 5*j - 1330 = 0. What is the remainder when j is divided by 36?
25
Suppose -5*f = r - 239 - 583, r = 2. What is the remainder when f is divided by 33?
32
Suppose -3*r = 0, -5*n = -7*n - 3*r + 3054. Calculate the remainder when n is divided by 11.
9
Calculate the remainder when 38 is divided by (8 - -8) + 2 + 1/1.
0
Let m = 11 - 9. Suppose m*z = 2*l + 3*z + 2, -2*z - 3 = 3*l. Let g(y) = -6*y**3 - y - 1. What is the remainder when 22 is divided by g(l)?
4
Let n = -84 - -88. Calculate the remainder when 49 is divided by n.
1
Let i(p) = 6*p**2 - 18*p + 8. Let c be i(6). Let w = c - 63. Calculate the remainder when w is divided by 14.
11
Suppose -7 = 5*f + 18. Suppose 5*w = x + 2 + 24, 25 = 4*w - 5*x. What is the remainder when 0 - 4 - (f + -17) is divided by w?
3
Suppose -7*g + 780 = -g. Let f = 144 - g. Calculate the remainder when 54 is divided by f.
12
Let v = -116 - -71. Let q = -36 - v. What is the remainder when 25 is divided by q?
7
What is the remainder when (27/(-1))/(-3)*11 is divided by (-1200)/56*-1 - (-9)/(-21)?
15
Suppose 9*y = -4*f + 109, 5*y + 0*f - 73 = 4*f. What is the remainder when 49 is divided by y?
10
Suppose -85 = -3*c + 38. What is the remainder when c is divided by 9?
5
Let y = 1786 + -1541. What is the remainder when y is divided by 31?
28
Suppose 4*k - 3 - 13 = 0. What is the remainder when 12/(-1*15/(-10)) is divided by k?
0
Suppose 4*o + 5*x - 39 = -0*o, 0 = 3*o - 2*x - 12. Let d = -5417 - -5499. Calculate the remainder when d is divided by o.
4
Let a(y) = 4*y**2 - y + 2. Let w = -4691 - -4720. Calculate the remainder when w is divided by a(2).
13
Calculate the remainder when (0 - (-5 + 40))*-1 is divided by 9.
8
Suppose 0 = 4*c - 2*i - 42 - 2, -c + 5*i = -11. What is the remainder when 39 is divided by c?
6
Let g(w) be the second derivative of -w**3/6 - w**2 + 5*w. Let u be g(-8). Let m(d) = -d**2 + 5*d + 8. Calculate the remainder when m(u) is divided by 1.
0
Suppose -5 = -2*r - 3*l, -4*l - 19 - 21 = -2*r. What is the remainder when 42 is divided by r?
2
What is the remainder when -24*(-5 - 2035/44) is divided by 8?
6
Suppose 17 + 15 = 4*o. Let f(z) = z**3 - 9*z**2 + 9*z - 2. Calculate the remainder when f(o) is divided by -2 + 0 - (-5 + 1).
0
Suppose -1 = h - 3. Suppose 0 = b + h, -4*t + 30 - 2 = 4*b. Calculate the remainder when 34 is divided by t.
7
Suppose -g - 178 = -554. Calculate the remainder when g is divided by 29.
28
What is the remainder when 145 is divided by 0 + 2 - (-41 + -9)?
41
Let g(u) = 34*u + 36. Let o be g(-7). Calculate the remainder when (-6)/24*o*4 is divided by 34.
32
Let d be (-17)/(-3) + 8/(-12). Suppose -c + 142 = 4*w, -d*w + 3*c = -c - 167. What is the remainder when w is divided by 12?
11
Suppose -l - 186 = -4*l. Let n = -160 - -176. What is the remainder when l is divided by n?
14
Let z = -1103 - -1250. Calculate the remainder when z is divided by 22.
15
Let k(h) = h**3 - 3*h**2 - 2*h + 2. Let b be k(3). Let z = b + 9. Suppose -m + 32 = -5*o + 101, 2*o = z*m + 46. What is the remainder when o is divided by 8?
5
Suppose 5*a - 3*a - 194 = 0. Let l = a + -31. What is the remainder when l is divided by 17?
15
Suppose 0 = 2*q - 5*q + 123. Let r = -19057 - -19080. What is the remainder when q is divided by r?
18
Let p = -246 + 289. Suppose -o + 2*n + 1 = 0, -5*o - 3*n + 0*n + 57 = 0. What is the remainder when p is divided by o?
7
Let b = 142 - -97. Calculate the remainder when b is divided by 8.
7
Let u be 48/80*2/((-4)/10). Calculate the remainder when 15 is divided by (4 + -19)/u - (-6)/2.
7
Let p = 611 + -605. Calculate the remainder when 142 is divided by p.
4
What is the remainder when 853 is divided by (-7 + 9/18)/((-2)/44)?
138
Let r = 419 + -74. Suppose i + 4*i = -2*m + r, -4*i - 2*m + 278 = 0. Calculate the remainder when i is divided by 10.
7
Let y = -14 + 6. Suppose 5*l - 49 - 61 = 0. Let b = l + y. What is the remainder when 55 is divided by b?
13
Let s(l) = 2*l**2 - 5*l - 6. Let o be 33/9 + (-16)/24. Suppose b - o*b = 4, -4*x + 42 = b. What is the remainder when s(5) is divided by x?
8
Suppose r - 8 = 2*q, 2*r = 3*q - 0*r + 13. Let g = 22 - q. Suppose 3*c - u - 67 = -2*u, -c - u = -g. Calculate the remainder when 123 is divided by c.
18
What is the remainder when (-1179)/(-15) + (-2)/(-5) is divided by (-86)/(-1763) - 4420/(-164)?
25
Let q(l) = -4*l - 5. Suppose 4*d = -8 - 4. Let m(t) = -10*t + 6. What is the remainder when m(d) is divided by q(-6)?
17
What is the remainder when 6/(-8) + 374/8 is divided by (-1)/5 - 4/(-40)*122?
10
Let t = -247 + 269. Calculate the remainder when 153 is divided by t.
21
Let a = -7 + 13. Let c be (2/3)/((-16)/48). Let y(f) = -11*f. What is the remainder when y(c) is divided by a?
4
Let w = 0 - -7. Let m(r) = r**2 + 7*r - 5. Let p be m(-8). Suppose -y + 31 = -0*y - 4*l, p*y - 63 = 2*l. Calculate the remainder when y is divided by w.
5
Suppose v - 1 = 1. Calculate the remainder when 43 is divided by ((-64)/v)/(((-4)/1)/2).
11
Let q(n) = 9*n**2 + n. Let l be 2/4*(-16 - -10). Calculate the remainder when q(l) is divided by 20.
18
Suppose 0 = 2*g - 6, 3*g - 96 = -2*y + g. Let h = -35 + y. Calculate the remainder when h is divided by 7.
3
What is the remainder when 72 is divided by (-5)/(-30)*6*15?
12
Let x = -20 + 22. Suppose -x*l + 52 = 2*l. Calculate the remainder when 37 is divided by l.
11
Suppose 16 = -4*f, 2*f + 930 = 4*d - 5602. Calculate the remainder when d is divided by 19.
16
Suppose -4*a + 5*w + 41 = 0, a - 9 - 5 = 2*w. Suppose -a -